{"id":7,"date":"2019-07-23T16:14:51","date_gmt":"2019-07-23T14:14:51","guid":{"rendered":"http:\/\/paniersirigny.fr\/?page_id=7"},"modified":"2023-08-30T15:25:02","modified_gmt":"2023-08-30T13:25:02","slug":"accueil","status":"publish","type":"page","link":"https:\/\/paniersirigny.fr\/","title":{"rendered":"Bienvenue aux Paniers d&#8217;Irigny"},"content":{"rendered":"\n<p class=\"has-text-align-center\">Notre association permet \u00e0 ses adh\u00e9rents de consommer en circuit-court des produits locaux et en majorit\u00e9 Bio, en les mettant directement en relation avec des producteurs locaux. <\/p>\n\n\n\n<div class=\"wp-block-media-text is-stacked-on-mobile alignwide\"><figure class=\"wp-block-media-text__media\"><img loading=\"lazy\" decoding=\"async\" width=\"1024\" height=\"877\" src=\"http:\/\/paniersirigny.fr\/wp-content\/uploads\/2019\/07\/VISUEL_ADHERENTS-1024x877.jpg\" alt=\"\" class=\"wp-image-138 size-full\" srcset=\"https:\/\/paniersirigny.fr\/wp-content\/uploads\/2019\/07\/VISUEL_ADHERENTS-1024x877.jpg 1024w, https:\/\/paniersirigny.fr\/wp-content\/uploads\/2019\/07\/VISUEL_ADHERENTS-300x257.jpg 300w, https:\/\/paniersirigny.fr\/wp-content\/uploads\/2019\/07\/VISUEL_ADHERENTS-768x658.jpg 768w, https:\/\/paniersirigny.fr\/wp-content\/uploads\/2019\/07\/VISUEL_ADHERENTS.jpg 1134w\" sizes=\"auto, (max-width: 1024px) 100vw, 1024px\" \/><\/figure><div class=\"wp-block-media-text__content\">\n<p class=\"has-text-align-center\"><strong>Notre fonctionnement s\u2019adapte \u00e0 tout type d\u2019adh\u00e9rent&nbsp;: familles, couples, personnes seules.<\/strong><br>Nous proposons deux fa\u00e7ons d\u2019acheter qui restent tr\u00e8s flexibles et permettent de choisir la plupart des produits que l\u2019on ach\u00e8te. <\/p>\n\n\n\n<ul class=\"wp-block-list\">\n<li><a href=\"http:\/\/paniersirigny.fr\/index.php\/amap-quesaco\/\">en AMAP<\/a> <em>Association pour le Maintien de l\u2019Agriculture Paysanne <\/em>: engagement sur 6 mois par contrat avec les producteurs de votre choix (paniers impos\u00e9s ou \u00e0 la commande). Possibilit\u00e9 de tester 1 ou 2 paniers.<\/li>\n\n\n\n<li><a href=\"http:\/\/paniersirigny.fr\/index.php\/gas-quesaco\/\">en GAS <\/a><em>Groupement d\u2019Achat Solidaire<\/em> : commandes group\u00e9es ponctuelles sans engagement, mais n\u00e9cessitant tout de m\u00eame une adh\u00e9sion \u00e0 notre association.<\/li>\n<\/ul>\n\n\n\n<p class=\"has-text-align-center\">Pour en savoir plus RDV sur la page <a href=\"http:\/\/paniersirigny.fr\/index.php\/adherer\/\">Adh\u00e9rer<\/a><\/p>\n<\/div><\/div>\n\n\n\n<div class=\"wp-block-media-text has-media-on-the-right is-stacked-on-mobile alignwide\" style=\"grid-template-columns:auto 31%\"><div class=\"wp-block-media-text__content\">\n<p>Les Paniers d&#8217;Irigny sont fiers de vous proposer un vaste choix de produits Bio et locaux \u00e0 des prix \u00e9quitables :<\/p>\n\n\n\n<ul class=\"wp-block-list\">\n<li>L\u00e9gumes, aromatiques, fruits, jus de fruits, confitures, agrumes, pains, farine, fromages, \u0153ufs, viande de porc, charcuterie, poissons et volailles en AMAP. <a href=\"http:\/\/paniersirigny.fr\/index.php\/produits-amap\/\">Plus de d\u00e9tails ici<\/a><\/li>\n\n\n\n<li>Viande de b\u0153uf, veau, canard, cabri et agneau, miel, vins, caf\u00e9, huiles, glaces, produits \u00e0 base de ch\u00e2taignes, cuirs de fruits, \u00e9picerie sal\u00e9e et sucr\u00e9e\u2026 en GAS. <a href=\"http:\/\/paniersirigny.fr\/index.php\/produits-gas\/\">Plus de d\u00e9tails ici<\/a><\/li>\n<\/ul>\n\n\n\n<p class=\"has-text-align-left\">Tous nos paysans sont certifi\u00e9s bio, hormis le producteur de fruits qui est en agriculture raisonn\u00e9e, la productrice de ch\u00e2taignes qui valorise des fruits non r\u00e9colt\u00e9s, les producteurs de canard. Les producteurs de fromages de ch\u00e8vre et de miel sont en cours de conversion \u00e0 l&#8217;Agriculture Biologique.<\/p>\n<\/div><figure class=\"wp-block-media-text__media\"><img loading=\"lazy\" decoding=\"async\" width=\"700\" height=\"1024\" src=\"http:\/\/paniersirigny.fr\/wp-content\/uploads\/2019\/08\/accueil-700x1024.png\" alt=\"\" class=\"wp-image-400 size-full\" srcset=\"https:\/\/paniersirigny.fr\/wp-content\/uploads\/2019\/08\/accueil-700x1024.png 700w, https:\/\/paniersirigny.fr\/wp-content\/uploads\/2019\/08\/accueil-205x300.png 205w, https:\/\/paniersirigny.fr\/wp-content\/uploads\/2019\/08\/accueil-768x1123.png 768w, https:\/\/paniersirigny.fr\/wp-content\/uploads\/2019\/08\/accueil.png 1713w\" sizes=\"auto, (max-width: 700px) 100vw, 700px\" \/><\/figure><\/div>\n\n\n\n<blockquote class=\"wp-block-quote has-text-align-center is-layout-flow wp-block-quote-is-layout-flow\">\n<p>Les distributions ont lieu quasiment tous les mercredis <\/p>\n\n\n\n<p>de 19h30 \u00e0 20h30 au Hangar des Berti\u00e8res \u00e0 Irigny.<\/p>\n<\/blockquote>\n\n\n\n<p>Ce site internet a pour but de faciliter la diffusion des informations, de mieux expliquer notre fonctionnement et de mettre en avant nos nombreux paysans et producteurs partenaires. Vous pourrez donc trouver :<\/p>\n\n\n\n<ul class=\"wp-block-list\">\n<li>Dans l&#8217;onglet <a href=\"http:\/\/paniersirigny.fr\/index.php\/produits\/\">Nos produits locaux<\/a>, des informations sur les produits que nous proposons en AMAP et en GAS ainsi que sur les producteurs ; <\/li>\n\n\n\n<li>Dans l&#8217;onglet <a href=\"http:\/\/paniersirigny.fr\/index.php\/amap\/\">Consommer en circuit-court<\/a>, une description plus en d\u00e9tails du fonctionnement de l&#8217;AMAP et du GAS et de nos partenaires ;<\/li>\n\n\n\n<li>Dans l&#8217;onglet <a href=\"http:\/\/paniersirigny.fr\/index.php\/en-pratique\/\">En pratique<\/a>,  des informations pratiques sur le fonctionnement : commandes,  livraisons, documents \u00e0 t\u00e9l\u00e9charger ; et bient\u00f4t des partages de recettes. <\/li>\n\n\n\n<li>Dans l&#8217;onglet <a href=\"http:\/\/paniersirigny.fr\/index.php\/association\/\">Notre association<\/a>, des renseignements sur notre association : objectifs, fonctionnement, \u00e9quipe &#8230;<\/li>\n<\/ul>\n","protected":false},"excerpt":{"rendered":"<p>Notre association permet \u00e0 ses adh\u00e9rents de consommer en circuit-court des produits locaux et en majorit\u00e9 Bio, en les mettant directement en relation avec des producteurs locaux. Les distributions ont lieu quasiment tous les mercredis de 19h30 \u00e0 20h30 au<\/p>\n","protected":false},"author":1,"featured_media":0,"parent":0,"menu_order":0,"comment_status":"closed","ping_status":"closed","template":"","meta":{"footnotes":""},"class_list":["post-7","page","type-page","status-publish","hentry"],"_links":{"self":[{"href":"https:\/\/paniersirigny.fr\/index.php\/wp-json\/wp\/v2\/pages\/7","targetHints":{"allow":["GET"]}}],"collection":[{"href":"https:\/\/paniersirigny.fr\/index.php\/wp-json\/wp\/v2\/pages"}],"about":[{"href":"https:\/\/paniersirigny.fr\/index.php\/wp-json\/wp\/v2\/types\/page"}],"author":[{"embeddable":true,"href":"https:\/\/paniersirigny.fr\/index.php\/wp-json\/wp\/v2\/users\/1"}],"replies":[{"embeddable":true,"href":"https:\/\/paniersirigny.fr\/index.php\/wp-json\/wp\/v2\/comments?post=7"}],"version-history":[{"count":35,"href":"https:\/\/paniersirigny.fr\/index.php\/wp-json\/wp\/v2\/pages\/7\/revisions"}],"predecessor-version":[{"id":1187,"href":"https:\/\/paniersirigny.fr\/index.php\/wp-json\/wp\/v2\/pages\/7\/revisions\/1187"}],"wp:attachment":[{"href":"https:\/\/paniersirigny.fr\/index.php\/wp-json\/wp\/v2\/media?parent=7"}],"curies":[{"name":"wp","href":"https:\/\/api.w.org\/{rel}","templated":true}]}}