{"id":66,"date":"2019-07-23T16:55:49","date_gmt":"2019-07-23T14:55:49","guid":{"rendered":"http:\/\/paniersirigny.fr\/?page_id=66"},"modified":"2022-09-01T21:57:57","modified_gmt":"2022-09-01T19:57:57","slug":"chataigne-cuirs-fruits","status":"publish","type":"page","link":"https:\/\/paniersirigny.fr\/index.php\/chataigne-cuirs-fruits\/","title":{"rendered":"Produits de la ch\u00e2taigne : L&#8217;art des ch\u00e2taignes"},"content":{"rendered":"\n<figure class=\"wp-block-gallery has-nested-images columns-default is-cropped wp-block-gallery-1 is-layout-flex wp-block-gallery-is-layout-flex\">\n<figure class=\"wp-block-image\"><img loading=\"lazy\" decoding=\"async\" width=\"1024\" height=\"683\" data-id=\"1144\" src=\"https:\/\/paniersirigny.fr\/wp-content\/uploads\/2022\/09\/P_Citron-Gingembre-1024x683.jpg\" alt=\"\" class=\"wp-image-1144\" srcset=\"https:\/\/paniersirigny.fr\/wp-content\/uploads\/2022\/09\/P_Citron-Gingembre-1024x683.jpg 1024w, https:\/\/paniersirigny.fr\/wp-content\/uploads\/2022\/09\/P_Citron-Gingembre-300x200.jpg 300w, https:\/\/paniersirigny.fr\/wp-content\/uploads\/2022\/09\/P_Citron-Gingembre-768x512.jpg 768w, https:\/\/paniersirigny.fr\/wp-content\/uploads\/2022\/09\/P_Citron-Gingembre-1536x1024.jpg 1536w, https:\/\/paniersirigny.fr\/wp-content\/uploads\/2022\/09\/P_Citron-Gingembre-2048x1365.jpg 2048w\" sizes=\"auto, (max-width: 1024px) 100vw, 1024px\" \/><\/figure>\n\n\n\n<figure class=\"wp-block-image\"><img loading=\"lazy\" decoding=\"async\" width=\"1024\" height=\"683\" data-id=\"1145\" src=\"https:\/\/paniersirigny.fr\/wp-content\/uploads\/2022\/09\/AIZAC-Tracteur-1024x683.jpg\" alt=\"\" class=\"wp-image-1145\" srcset=\"https:\/\/paniersirigny.fr\/wp-content\/uploads\/2022\/09\/AIZAC-Tracteur-1024x683.jpg 1024w, https:\/\/paniersirigny.fr\/wp-content\/uploads\/2022\/09\/AIZAC-Tracteur-300x200.jpg 300w, https:\/\/paniersirigny.fr\/wp-content\/uploads\/2022\/09\/AIZAC-Tracteur-768x512.jpg 768w, https:\/\/paniersirigny.fr\/wp-content\/uploads\/2022\/09\/AIZAC-Tracteur-1536x1024.jpg 1536w, https:\/\/paniersirigny.fr\/wp-content\/uploads\/2022\/09\/AIZAC-Tracteur-2048x1365.jpg 2048w\" sizes=\"auto, (max-width: 1024px) 100vw, 1024px\" \/><\/figure>\n\n\n\n<figure class=\"wp-block-image size-large\"><img loading=\"lazy\" decoding=\"async\" width=\"1024\" height=\"683\" data-id=\"1146\" src=\"https:\/\/paniersirigny.fr\/wp-content\/uploads\/2022\/09\/Assortiment_21-1024x683.jpg\" alt=\"\" class=\"wp-image-1146\" srcset=\"https:\/\/paniersirigny.fr\/wp-content\/uploads\/2022\/09\/Assortiment_21-1024x683.jpg 1024w, https:\/\/paniersirigny.fr\/wp-content\/uploads\/2022\/09\/Assortiment_21-300x200.jpg 300w, https:\/\/paniersirigny.fr\/wp-content\/uploads\/2022\/09\/Assortiment_21-768x512.jpg 768w\" sizes=\"auto, (max-width: 1024px) 100vw, 1024px\" \/><\/figure>\n\n\n\n<figure class=\"wp-block-image\"><img loading=\"lazy\" decoding=\"async\" width=\"1024\" height=\"683\" data-id=\"1147\" src=\"https:\/\/paniersirigny.fr\/wp-content\/uploads\/2022\/09\/Recolte-1024x683.jpg\" alt=\"\" class=\"wp-image-1147\" srcset=\"https:\/\/paniersirigny.fr\/wp-content\/uploads\/2022\/09\/Recolte-1024x683.jpg 1024w, https:\/\/paniersirigny.fr\/wp-content\/uploads\/2022\/09\/Recolte-300x200.jpg 300w, https:\/\/paniersirigny.fr\/wp-content\/uploads\/2022\/09\/Recolte-768x512.jpg 768w, https:\/\/paniersirigny.fr\/wp-content\/uploads\/2022\/09\/Recolte-1536x1024.jpg 1536w, https:\/\/paniersirigny.fr\/wp-content\/uploads\/2022\/09\/Recolte-2048x1365.jpg 2048w\" sizes=\"auto, (max-width: 1024px) 100vw, 1024px\" \/><\/figure>\n<\/figure>\n\n\n\n<p class=\"has-text-align-center\">Pour plus d&#8217;infos, RDV sur son site : <\/p>\n\n\n\n<p><strong>Le territoire et le terroir<\/strong><\/p>\n\n\n\n<p>Nous r\u00e9coltons les ch\u00e2taignes de vari\u00e9t\u00e9s anciennes (Comballe et Bouche Rouge) sur 5 HA situ\u00e9s \u00e0 <strong>Aizac<\/strong> au c\u0153ur du parc r\u00e9gional des monts d\u2019Ard\u00e8che et de la zone AOP ch\u00e2taigne d\u2019Ard\u00e8che.<\/p>\n\n\n\n<p><strong>La ch\u00e2taigne et la transformation<\/strong><\/p>\n\n\n\n<p>La manne des for\u00eats ard\u00e9choises est beaucoup plus qu\u2019une nourriture de base : c\u2019est un produit noble dont on fait de v\u00e9ritables gourmandises. La transformation s&#8217;op\u00e8re au sein d&#8217;un atelier de transformation collectif (CUMA de Ladenne \u00e0 Jaujac &#8211; 07) o\u00f9 travaillent vingt-six agriculteurs producteurs adh\u00e9rents. La qualit\u00e9 de nos ch\u00e2taignes d\u2019Ard\u00e8che est pr\u00e9serv\u00e9e au maximum en r\u00e9alisant un tri manuel et en minimisant au maximum les taux de sucre dans la plupart de nos produits.<\/p>\n\n\n\n<p>Aussi c&#8217;est un aliment \u00e0 haute valeur nutritive, riche en fibres, en min\u00e9raux, en vitamines, mais d\u00e9pourvu de gluten.<\/p>\n","protected":false},"excerpt":{"rendered":"<p>Pour plus d&#8217;infos, RDV sur son site : Le territoire et le terroir Nous r\u00e9coltons les ch\u00e2taignes de vari\u00e9t\u00e9s anciennes (Comballe et Bouche Rouge) sur 5 HA situ\u00e9s \u00e0 Aizac au c\u0153ur du parc r\u00e9gional des monts d\u2019Ard\u00e8che et de<\/p>\n","protected":false},"author":1,"featured_media":0,"parent":0,"menu_order":0,"comment_status":"closed","ping_status":"closed","template":"","meta":{"footnotes":""},"class_list":["post-66","page","type-page","status-publish","hentry"],"_links":{"self":[{"href":"https:\/\/paniersirigny.fr\/index.php\/wp-json\/wp\/v2\/pages\/66","targetHints":{"allow":["GET"]}}],"collection":[{"href":"https:\/\/paniersirigny.fr\/index.php\/wp-json\/wp\/v2\/pages"}],"about":[{"href":"https:\/\/paniersirigny.fr\/index.php\/wp-json\/wp\/v2\/types\/page"}],"author":[{"embeddable":true,"href":"https:\/\/paniersirigny.fr\/index.php\/wp-json\/wp\/v2\/users\/1"}],"replies":[{"embeddable":true,"href":"https:\/\/paniersirigny.fr\/index.php\/wp-json\/wp\/v2\/comments?post=66"}],"version-history":[{"count":6,"href":"https:\/\/paniersirigny.fr\/index.php\/wp-json\/wp\/v2\/pages\/66\/revisions"}],"predecessor-version":[{"id":1149,"href":"https:\/\/paniersirigny.fr\/index.php\/wp-json\/wp\/v2\/pages\/66\/revisions\/1149"}],"wp:attachment":[{"href":"https:\/\/paniersirigny.fr\/index.php\/wp-json\/wp\/v2\/media?parent=66"}],"curies":[{"name":"wp","href":"https:\/\/api.w.org\/{rel}","templated":true}]}}