{"id":64,"date":"2019-07-23T16:50:44","date_gmt":"2019-07-23T14:50:44","guid":{"rendered":"http:\/\/paniersirigny.fr\/?page_id=64"},"modified":"2019-09-04T16:44:39","modified_gmt":"2019-09-04T14:44:39","slug":"miel","status":"publish","type":"page","link":"https:\/\/paniersirigny.fr\/index.php\/miel\/","title":{"rendered":"Miel : Ruchers des Coteaux"},"content":{"rendered":"\n<p>Install\u00e9 d\u00e9but 2018 sur la commune d&#8217;Orli\u00e9nas, Emmanuel Aurenge est apiculteur r\u00e9coltant. Il propose des miels vari\u00e9s en fonction des saisons.<\/p>\n\n\n\n<div class=\"wp-block-image\"><figure class=\"aligncenter\"><img loading=\"lazy\" decoding=\"async\" width=\"530\" height=\"443\" src=\"http:\/\/paniersirigny.fr\/wp-content\/uploads\/2019\/08\/id_miel.png\" alt=\"\" class=\"wp-image-798\" srcset=\"https:\/\/paniersirigny.fr\/wp-content\/uploads\/2019\/08\/id_miel.png 530w, https:\/\/paniersirigny.fr\/wp-content\/uploads\/2019\/08\/id_miel-300x251.png 300w\" sizes=\"auto, (max-width: 530px) 100vw, 530px\" \/><\/figure><\/div>\n\n\n\n<ul class=\"wp-block-gallery columns-3 is-cropped wp-block-gallery-1 is-layout-flex wp-block-gallery-is-layout-flex\"><li class=\"blocks-gallery-item\"><figure><img loading=\"lazy\" decoding=\"async\" width=\"720\" height=\"960\" src=\"http:\/\/paniersirigny.fr\/wp-content\/uploads\/2019\/08\/66524224_1001473480244170_4188964496657612800_n.jpg\" alt=\"\" data-id=\"701\" data-link=\"http:\/\/paniersirigny.fr\/index.php\/miel-bio-ruchers-des-coteaux\/66524224_1001473480244170_4188964496657612800_n\/\" class=\"wp-image-701\" srcset=\"https:\/\/paniersirigny.fr\/wp-content\/uploads\/2019\/08\/66524224_1001473480244170_4188964496657612800_n.jpg 720w, https:\/\/paniersirigny.fr\/wp-content\/uploads\/2019\/08\/66524224_1001473480244170_4188964496657612800_n-225x300.jpg 225w\" sizes=\"auto, (max-width: 720px) 100vw, 720px\" \/><\/figure><\/li><li class=\"blocks-gallery-item\"><figure><img loading=\"lazy\" decoding=\"async\" width=\"720\" height=\"960\" src=\"http:\/\/paniersirigny.fr\/wp-content\/uploads\/2019\/08\/66502411_1001473473577504_6553156492013338624_n.jpg\" alt=\"\" data-id=\"700\" data-link=\"http:\/\/paniersirigny.fr\/index.php\/miel-bio-ruchers-des-coteaux\/66502411_1001473473577504_6553156492013338624_n\/\" class=\"wp-image-700\" srcset=\"https:\/\/paniersirigny.fr\/wp-content\/uploads\/2019\/08\/66502411_1001473473577504_6553156492013338624_n.jpg 720w, https:\/\/paniersirigny.fr\/wp-content\/uploads\/2019\/08\/66502411_1001473473577504_6553156492013338624_n-225x300.jpg 225w\" sizes=\"auto, (max-width: 720px) 100vw, 720px\" \/><\/figure><\/li><li class=\"blocks-gallery-item\"><figure><img loading=\"lazy\" decoding=\"async\" width=\"960\" height=\"720\" src=\"http:\/\/paniersirigny.fr\/wp-content\/uploads\/2019\/08\/52585193_901363750255144_3444643713618280448_n.jpg\" alt=\"\" data-id=\"699\" data-link=\"http:\/\/paniersirigny.fr\/index.php\/miel-bio-ruchers-des-coteaux\/52585193_901363750255144_3444643713618280448_n\/\" class=\"wp-image-699\" srcset=\"https:\/\/paniersirigny.fr\/wp-content\/uploads\/2019\/08\/52585193_901363750255144_3444643713618280448_n.jpg 960w, https:\/\/paniersirigny.fr\/wp-content\/uploads\/2019\/08\/52585193_901363750255144_3444643713618280448_n-300x225.jpg 300w, https:\/\/paniersirigny.fr\/wp-content\/uploads\/2019\/08\/52585193_901363750255144_3444643713618280448_n-768x576.jpg 768w\" sizes=\"auto, (max-width: 960px) 100vw, 960px\" \/><\/figure><\/li><\/ul>\n\n\n\n<p>Afin de profiter des diff\u00e9rentes floraisons, l&#8217;apiculteur d\u00e9place ses ruches au fil des saisons sur des zones de butinages situ\u00e9es \u00e0 Orli\u00e9nas, Chaussan, Soucieu-en-Jarrest,&nbsp;Communay et Monts du Pilat.<\/p>\n\n\n\n<blockquote class=\"wp-block-quote is-layout-flow wp-block-quote-is-layout-flow\"><p>Je pratique une apiculture raisonn\u00e9e au plus proche de mes abeilles ce qui demande un investissement en temps important,&nbsp;afin de conserver les colonies en bonne sant\u00e9, condition n\u00e9cessaire pour produire du miel de qualit\u00e9 optimale.<\/p><cite>Emmanuel Aurenge<\/cite><\/blockquote>\n\n\n\n<p>Tributaire de la m\u00e9t\u00e9o, l&#8217;apiculteur propose des miels vari\u00e9s selon les ann\u00e9es : miel de ch\u00e2taignier, de tilleul, d&#8217;acacia, de montagne, etc.  <\/p>\n\n\n\n<table class=\"wp-block-table\"><tbody><tr><td>Miel de tilleul<\/td><td>miel jaune clair. Son odeur caract\u00e9ristique \u00e9voque irr\u00e9sistiblement la floraison intense des tilleuls. La saveur est tr\u00e8s agr\u00e9able, l\u00e9g\u00e8rement menthol\u00e9e en arri\u00e8re bouche. Le miel de tilleul peut \u00eatre liquide, solide ou cr\u00e9meux selon la saison.  <\/td><\/tr><tr><td>Miel de montagne<\/td><td> miel de couleur jaune. Obtenu \u00e0 partir de : serpolet, ronces, pissenlit, \u00e9pilobe, framboisier, tr\u00e8fle, \u2026 Son go\u00fbt est doux, avec une note fruit\u00e9e ou florale selon les v\u00e9g\u00e9taux butin\u00e9s.<\/td><\/tr><tr><td>Miel de ch\u00e2taignier<\/td><td>miel de couleur ambr\u00e9e ou sombre. Sa saveur est bois\u00e9e et relev\u00e9e. Il est tr\u00e8s appr\u00e9ci\u00e9 soit nature, avec le caf\u00e9, sur une tartine ou dans vos p\u00e2tisseries. <\/td><\/tr><\/tbody><\/table>\n\n\n\n<p>Emmanuel commercialise ses miels en vente directe, aupr\u00e8s des particuliers, d&#8217;un restaurant de St Laurent d&#8217;Agny, en grande surface et via notre AMAP.<\/p>\n\n\n\n<figure class=\"wp-block-image\"><img loading=\"lazy\" decoding=\"async\" width=\"1024\" height=\"682\" src=\"http:\/\/paniersirigny.fr\/wp-content\/uploads\/2019\/08\/46431731_837874049937448_6533501596385411072_o-1024x682.jpg\" alt=\"\" class=\"wp-image-698\" srcset=\"https:\/\/paniersirigny.fr\/wp-content\/uploads\/2019\/08\/46431731_837874049937448_6533501596385411072_o-1024x682.jpg 1024w, https:\/\/paniersirigny.fr\/wp-content\/uploads\/2019\/08\/46431731_837874049937448_6533501596385411072_o-300x200.jpg 300w, https:\/\/paniersirigny.fr\/wp-content\/uploads\/2019\/08\/46431731_837874049937448_6533501596385411072_o-768x511.jpg 768w, https:\/\/paniersirigny.fr\/wp-content\/uploads\/2019\/08\/46431731_837874049937448_6533501596385411072_o.jpg 2048w\" sizes=\"auto, (max-width: 1024px) 100vw, 1024px\" \/><figcaption>Emmanuel Aurenge<\/figcaption><\/figure>\n\n\n\n<p style=\"text-align:center\">Pour plus d&#8217;infos, RDV sur son site : <a rel=\"noreferrer noopener\" aria-label=\"https:\/\/ruchersdescoteaux.fr (s\u2019ouvre dans un nouvel onglet)\" href=\"https:\/\/ruchersdescoteaux.fr\" target=\"_blank\">https:\/\/ruchersdescoteaux.fr<\/a><br>Suivez ses actualit\u00e9s sur sa <a rel=\"noreferrer noopener\" aria-label=\"page Facebook (s\u2019ouvre dans un nouvel onglet)\" href=\"https:\/\/www.facebook.com\/pg\/ruchersdescoteaux\/about\/?ref=page_internal\" target=\"_blank\">page Facebook<\/a><\/p>\n","protected":false},"excerpt":{"rendered":"<p>Install\u00e9 d\u00e9but 2018 sur la commune d&#8217;Orli\u00e9nas, Emmanuel Aurenge est apiculteur r\u00e9coltant. Il propose des miels vari\u00e9s en fonction des saisons. Afin de profiter des diff\u00e9rentes floraisons, l&#8217;apiculteur d\u00e9place ses ruches au fil des saisons sur des zones de butinages<\/p>\n","protected":false},"author":1,"featured_media":0,"parent":0,"menu_order":0,"comment_status":"closed","ping_status":"closed","template":"","meta":{"footnotes":""},"class_list":["post-64","page","type-page","status-publish","hentry"],"_links":{"self":[{"href":"https:\/\/paniersirigny.fr\/index.php\/wp-json\/wp\/v2\/pages\/64","targetHints":{"allow":["GET"]}}],"collection":[{"href":"https:\/\/paniersirigny.fr\/index.php\/wp-json\/wp\/v2\/pages"}],"about":[{"href":"https:\/\/paniersirigny.fr\/index.php\/wp-json\/wp\/v2\/types\/page"}],"author":[{"embeddable":true,"href":"https:\/\/paniersirigny.fr\/index.php\/wp-json\/wp\/v2\/users\/1"}],"replies":[{"embeddable":true,"href":"https:\/\/paniersirigny.fr\/index.php\/wp-json\/wp\/v2\/comments?post=64"}],"version-history":[{"count":8,"href":"https:\/\/paniersirigny.fr\/index.php\/wp-json\/wp\/v2\/pages\/64\/revisions"}],"predecessor-version":[{"id":839,"href":"https:\/\/paniersirigny.fr\/index.php\/wp-json\/wp\/v2\/pages\/64\/revisions\/839"}],"wp:attachment":[{"href":"https:\/\/paniersirigny.fr\/index.php\/wp-json\/wp\/v2\/media?parent=64"}],"curies":[{"name":"wp","href":"https:\/\/api.w.org\/{rel}","templated":true}]}}

<p>Installé début 2018 sur la commune d&#8217;Orliénas, Emmanuel Aurenge est apiculteur récoltant. Il propose des miels variés en fonction des saisons.</p>



<div class="wp-block-image"><figure class="aligncenter"><img loading="lazy" decoding="async" width="530" height="443" src="http://paniersirigny.fr/wp-content/uploads/2019/08/id_miel.png" alt="" class="wp-image-798" srcset="https://paniersirigny.fr/wp-content/uploads/2019/08/id_miel.png 530w, https://paniersirigny.fr/wp-content/uploads/2019/08/id_miel-300x251.png 300w" sizes="auto, (max-width: 530px) 100vw, 530px" /></figure></div>



<ul class="wp-block-gallery columns-3 is-cropped wp-block-gallery-1 is-layout-flex wp-block-gallery-is-layout-flex"><li class="blocks-gallery-item"><figure><img loading="lazy" decoding="async" width="720" height="960" src="http://paniersirigny.fr/wp-content/uploads/2019/08/66524224_1001473480244170_4188964496657612800_n.jpg" alt="" data-id="701" data-link="http://paniersirigny.fr/index.php/miel-bio-ruchers-des-coteaux/66524224_1001473480244170_4188964496657612800_n/" class="wp-image-701" srcset="https://paniersirigny.fr/wp-content/uploads/2019/08/66524224_1001473480244170_4188964496657612800_n.jpg 720w, https://paniersirigny.fr/wp-content/uploads/2019/08/66524224_1001473480244170_4188964496657612800_n-225x300.jpg 225w" sizes="auto, (max-width: 720px) 100vw, 720px" /></figure></li><li class="blocks-gallery-item"><figure><img loading="lazy" decoding="async" width="720" height="960" src="http://paniersirigny.fr/wp-content/uploads/2019/08/66502411_1001473473577504_6553156492013338624_n.jpg" alt="" data-id="700" data-link="http://paniersirigny.fr/index.php/miel-bio-ruchers-des-coteaux/66502411_1001473473577504_6553156492013338624_n/" class="wp-image-700" srcset="https://paniersirigny.fr/wp-content/uploads/2019/08/66502411_1001473473577504_6553156492013338624_n.jpg 720w, https://paniersirigny.fr/wp-content/uploads/2019/08/66502411_1001473473577504_6553156492013338624_n-225x300.jpg 225w" sizes="auto, (max-width: 720px) 100vw, 720px" /></figure></li><li class="blocks-gallery-item"><figure><img loading="lazy" decoding="async" width="960" height="720" src="http://paniersirigny.fr/wp-content/uploads/2019/08/52585193_901363750255144_3444643713618280448_n.jpg" alt="" data-id="699" data-link="http://paniersirigny.fr/index.php/miel-bio-ruchers-des-coteaux/52585193_901363750255144_3444643713618280448_n/" class="wp-image-699" srcset="https://paniersirigny.fr/wp-content/uploads/2019/08/52585193_901363750255144_3444643713618280448_n.jpg 960w, https://paniersirigny.fr/wp-content/uploads/2019/08/52585193_901363750255144_3444643713618280448_n-300x225.jpg 300w, https://paniersirigny.fr/wp-content/uploads/2019/08/52585193_901363750255144_3444643713618280448_n-768x576.jpg 768w" sizes="auto, (max-width: 960px) 100vw, 960px" /></figure></li></ul>



<p>Afin de profiter des différentes floraisons, l&#8217;apiculteur déplace ses ruches au fil des saisons sur des zones de butinages situées à Orliénas, Chaussan, Soucieu-en-Jarrest,&nbsp;Communay et Monts du Pilat.</p>



<blockquote class="wp-block-quote is-layout-flow wp-block-quote-is-layout-flow"><p>Je pratique une apiculture raisonnée au plus proche de mes abeilles ce qui demande un investissement en temps important,&nbsp;afin de conserver les colonies en bonne santé, condition nécessaire pour produire du miel de qualité optimale.</p><cite>Emmanuel Aurenge</cite></blockquote>



<p>Tributaire de la météo, l&#8217;apiculteur propose des miels variés selon les années : miel de châtaignier, de tilleul, d&#8217;acacia, de montagne, etc.  </p>



<table class="wp-block-table"><tbody><tr><td>Miel de tilleul</td><td>miel jaune clair. Son odeur caractéristique évoque irrésistiblement la floraison intense des tilleuls. La saveur est très agréable, légèrement mentholée en arrière bouche. Le miel de tilleul peut être liquide, solide ou crémeux selon la saison.  </td></tr><tr><td>Miel de montagne</td><td> miel de couleur jaune. Obtenu à partir de : serpolet, ronces, pissenlit, épilobe, framboisier, trèfle, … Son goût est doux, avec une note fruitée ou florale selon les végétaux butinés.</td></tr><tr><td>Miel de châtaignier</td><td>miel de couleur ambrée ou sombre. Sa saveur est boisée et relevée. Il est très apprécié soit nature, avec le café, sur une tartine ou dans vos pâtisseries. </td></tr></tbody></table>



<p>Emmanuel commercialise ses miels en vente directe, auprès des particuliers, d&#8217;un restaurant de St Laurent d&#8217;Agny, en grande surface et via notre AMAP.</p>



<figure class="wp-block-image"><img loading="lazy" decoding="async" width="1024" height="682" src="http://paniersirigny.fr/wp-content/uploads/2019/08/46431731_837874049937448_6533501596385411072_o-1024x682.jpg" alt="" class="wp-image-698" srcset="https://paniersirigny.fr/wp-content/uploads/2019/08/46431731_837874049937448_6533501596385411072_o-1024x682.jpg 1024w, https://paniersirigny.fr/wp-content/uploads/2019/08/46431731_837874049937448_6533501596385411072_o-300x200.jpg 300w, https://paniersirigny.fr/wp-content/uploads/2019/08/46431731_837874049937448_6533501596385411072_o-768x511.jpg 768w, https://paniersirigny.fr/wp-content/uploads/2019/08/46431731_837874049937448_6533501596385411072_o.jpg 2048w" sizes="auto, (max-width: 1024px) 100vw, 1024px" /><figcaption>Emmanuel Aurenge</figcaption></figure>



<p style="text-align:center">Pour plus d&#8217;infos, RDV sur son site : <a rel="noreferrer noopener" aria-label="https://ruchersdescoteaux.fr (s’ouvre dans un nouvel onglet)" href="https://ruchersdescoteaux.fr" target="_blank">https://ruchersdescoteaux.fr</a><br>Suivez ses actualités sur sa <a rel="noreferrer noopener" aria-label="page Facebook (s’ouvre dans un nouvel onglet)" href="https://www.facebook.com/pg/ruchersdescoteaux/about/?ref=page_internal" target="_blank">page Facebook</a></p>

<p>Installé début 2018 sur la commune d&#8217;Orliénas, Emmanuel Aurenge est apiculteur récoltant. Il propose des miels variés en fonction des saisons. Afin de profiter des différentes floraisons, l&#8217;apiculteur déplace ses ruches au fil des saisons sur des zones de butinages</p>
