{"id":58,"date":"2019-07-23T16:47:09","date_gmt":"2019-07-23T14:47:09","guid":{"rendered":"http:\/\/paniersirigny.fr\/?page_id=58"},"modified":"2023-08-30T16:12:45","modified_gmt":"2023-08-30T14:12:45","slug":"vin-bio","status":"publish","type":"page","link":"https:\/\/paniersirigny.fr\/index.php\/vin-bio\/","title":{"rendered":"Vin BIO : Les D\u00e9plaude de Tartaras"},"content":{"rendered":"\n<p>Les D\u00e9plaude de Tartaras est une ferme viticole en Biodynamie depuis 2009, qui relance le terroir et l&#8217;identit\u00e9 de la vall\u00e9e du Giers en cultivant des c\u00e9pages oubli\u00e9s.<\/p>\n\n\n<div class=\"wp-block-image\">\n<figure class=\"aligncenter size-full\"><img loading=\"lazy\" decoding=\"async\" width=\"536\" height=\"447\" src=\"https:\/\/paniersirigny.fr\/wp-content\/uploads\/2023\/08\/id_vin.png\" alt=\"\" class=\"wp-image-1226\" srcset=\"https:\/\/paniersirigny.fr\/wp-content\/uploads\/2023\/08\/id_vin.png 536w, https:\/\/paniersirigny.fr\/wp-content\/uploads\/2023\/08\/id_vin-300x250.png 300w\" sizes=\"auto, (max-width: 536px) 100vw, 536px\" \/><\/figure>\n<\/div>\n\n\n<figure class=\"wp-block-gallery has-nested-images columns-default is-cropped wp-block-gallery-1 is-layout-flex wp-block-gallery-is-layout-flex\">\n<figure class=\"wp-block-image\"><img loading=\"lazy\" decoding=\"async\" width=\"1024\" height=\"483\" data-id=\"712\" src=\"https:\/\/paniersirigny.fr\/wp-content\/uploads\/2019\/08\/14990895_1099189966868566_3420472880538066787_o-1024x483.jpg\" alt=\"\" class=\"wp-image-712\" srcset=\"https:\/\/paniersirigny.fr\/wp-content\/uploads\/2019\/08\/14990895_1099189966868566_3420472880538066787_o-1024x483.jpg 1024w, https:\/\/paniersirigny.fr\/wp-content\/uploads\/2019\/08\/14990895_1099189966868566_3420472880538066787_o-300x141.jpg 300w, https:\/\/paniersirigny.fr\/wp-content\/uploads\/2019\/08\/14990895_1099189966868566_3420472880538066787_o-768x362.jpg 768w\" sizes=\"auto, (max-width: 1024px) 100vw, 1024px\" \/><\/figure>\n\n\n\n<figure class=\"wp-block-image\"><img loading=\"lazy\" decoding=\"async\" width=\"1024\" height=\"576\" data-id=\"708\" src=\"https:\/\/paniersirigny.fr\/wp-content\/uploads\/2019\/08\/14481787_1074729439314619_6753532639349112667_o-1024x576.jpg\" alt=\"\" class=\"wp-image-708\" srcset=\"https:\/\/paniersirigny.fr\/wp-content\/uploads\/2019\/08\/14481787_1074729439314619_6753532639349112667_o-1024x576.jpg 1024w, https:\/\/paniersirigny.fr\/wp-content\/uploads\/2019\/08\/14481787_1074729439314619_6753532639349112667_o-300x169.jpg 300w, https:\/\/paniersirigny.fr\/wp-content\/uploads\/2019\/08\/14481787_1074729439314619_6753532639349112667_o-768x432.jpg 768w, https:\/\/paniersirigny.fr\/wp-content\/uploads\/2019\/08\/14481787_1074729439314619_6753532639349112667_o.jpg 2048w\" sizes=\"auto, (max-width: 1024px) 100vw, 1024px\" \/><\/figure>\n\n\n\n<figure class=\"wp-block-image\"><img loading=\"lazy\" decoding=\"async\" width=\"775\" height=\"960\" data-id=\"710\" src=\"https:\/\/paniersirigny.fr\/wp-content\/uploads\/2019\/08\/28468587_1624479584339599_758254189523501056_n.jpg\" alt=\"\" class=\"wp-image-710\" srcset=\"https:\/\/paniersirigny.fr\/wp-content\/uploads\/2019\/08\/28468587_1624479584339599_758254189523501056_n.jpg 775w, https:\/\/paniersirigny.fr\/wp-content\/uploads\/2019\/08\/28468587_1624479584339599_758254189523501056_n-242x300.jpg 242w, https:\/\/paniersirigny.fr\/wp-content\/uploads\/2019\/08\/28468587_1624479584339599_758254189523501056_n-768x951.jpg 768w\" sizes=\"auto, (max-width: 775px) 100vw, 775px\" \/><\/figure>\n<\/figure>\n\n\n\n<p>En Agriculture Biologique depuis 2008, le domaine \u00e0 taille humaine, compte aujourd&#8217;hui 7 hectares travaill\u00e9s par 4 paysans &#8211; vignerons. Les vendanges sont faites \u00e0 la main. Diff\u00e9rents c\u00e9pages sont cultiv\u00e9s : Pinot, Syrah, Gamay, Mornen noir, Viognier, Chardonnay, Marsanne, Roussanne, Jacqu\u00e8re, Ravat blanc et Clairette.<\/p>\n\n\n\n<p>Les vins produits (rouge, blanc, ros\u00e9) s\u2019inscrivent dans le cahier des charges de L\u2019IGP Collines Rhodaniennes qui regroupe : le Sud du Rh\u00f4ne, de la Loire, de l&#8217;Is\u00e8re, du Nord de la Dr\u00f4me ainsi que le Nord de l&#8217;Ard\u00e8che. <br>Les D\u00e9plaude de Tartaras proc\u00e8dent \u00e0 des vinifications douces, en levures indig\u00e8nes.<\/p>\n\n\n\n<blockquote class=\"wp-block-quote is-layout-flow wp-block-quote-is-layout-flow\">\n<p> Nos vinifications permettent de guider le raisin vers des vins sans artifices, au plus pr\u00e8s du terroir. Afin de tirer le meilleur de chaque  mill\u00e9sime, nous r\u00e9alisons un travail pr\u00e9cis d\u2019assemblage, ainsi chaque  c\u00e9page apporte sa note personnelle.<\/p>\n<cite>Les D\u00e9plaude de Tartaras<\/cite><\/blockquote>\n\n\n\n<figure class=\"wp-block-image\"><img loading=\"lazy\" decoding=\"async\" width=\"1024\" height=\"407\" src=\"http:\/\/paniersirigny.fr\/wp-content\/uploads\/2019\/08\/27173598_1590389281081963_2223160707643298014_o-1024x407.jpg\" alt=\"\" class=\"wp-image-706\" srcset=\"https:\/\/paniersirigny.fr\/wp-content\/uploads\/2019\/08\/27173598_1590389281081963_2223160707643298014_o-1024x407.jpg 1024w, https:\/\/paniersirigny.fr\/wp-content\/uploads\/2019\/08\/27173598_1590389281081963_2223160707643298014_o-300x119.jpg 300w, https:\/\/paniersirigny.fr\/wp-content\/uploads\/2019\/08\/27173598_1590389281081963_2223160707643298014_o-768x305.jpg 768w\" sizes=\"auto, (max-width: 1024px) 100vw, 1024px\" \/><figcaption class=\"wp-element-caption\">Pierre-Andr\u00e9, Anne, R\u00e9mi et Guillaume<\/figcaption><\/figure>\n\n\n\n<p class=\"has-text-align-center\">Pour plus d&#8217;infos, RDV sur leur site : <a rel=\"noreferrer noopener\" aria-label=\"https:\/\/www.lesdeplaude.com (s\u2019ouvre dans un nouvel onglet)\" href=\"https:\/\/www.lesdeplaude.com\" target=\"_blank\">https:\/\/www.lesdeplaude.com<\/a><br> Suivez leurs actualit\u00e9s sur leur <a rel=\"noreferrer noopener\" href=\"https:\/\/www.facebook.com\/pg\/LesDeplaude\/about\/?ref=page_internal\" target=\"_blank\">page Facebook<\/a> <br><\/p>\n","protected":false},"excerpt":{"rendered":"<p>Les D\u00e9plaude de Tartaras est une ferme viticole en Biodynamie depuis 2009, qui relance le terroir et l&#8217;identit\u00e9 de la vall\u00e9e du Giers en cultivant des c\u00e9pages oubli\u00e9s. En Agriculture Biologique depuis 2008, le domaine \u00e0 taille humaine, compte aujourd&#8217;hui<\/p>\n","protected":false},"author":1,"featured_media":0,"parent":0,"menu_order":0,"comment_status":"closed","ping_status":"closed","template":"","meta":{"footnotes":""},"class_list":["post-58","page","type-page","status-publish","hentry"],"_links":{"self":[{"href":"https:\/\/paniersirigny.fr\/index.php\/wp-json\/wp\/v2\/pages\/58","targetHints":{"allow":["GET"]}}],"collection":[{"href":"https:\/\/paniersirigny.fr\/index.php\/wp-json\/wp\/v2\/pages"}],"about":[{"href":"https:\/\/paniersirigny.fr\/index.php\/wp-json\/wp\/v2\/types\/page"}],"author":[{"embeddable":true,"href":"https:\/\/paniersirigny.fr\/index.php\/wp-json\/wp\/v2\/users\/1"}],"replies":[{"embeddable":true,"href":"https:\/\/paniersirigny.fr\/index.php\/wp-json\/wp\/v2\/comments?post=58"}],"version-history":[{"count":10,"href":"https:\/\/paniersirigny.fr\/index.php\/wp-json\/wp\/v2\/pages\/58\/revisions"}],"predecessor-version":[{"id":1227,"href":"https:\/\/paniersirigny.fr\/index.php\/wp-json\/wp\/v2\/pages\/58\/revisions\/1227"}],"wp:attachment":[{"href":"https:\/\/paniersirigny.fr\/index.php\/wp-json\/wp\/v2\/media?parent=58"}],"curies":[{"name":"wp","href":"https:\/\/api.w.org\/{rel}","templated":true}]}}