{"id":25,"date":"2019-07-23T16:25:35","date_gmt":"2019-07-23T14:25:35","guid":{"rendered":"http:\/\/paniersirigny.fr\/?page_id=25"},"modified":"2019-09-04T16:44:23","modified_gmt":"2019-09-04T14:44:23","slug":"legumes-bio","status":"publish","type":"page","link":"https:\/\/paniersirigny.fr\/index.php\/legumes-bio\/","title":{"rendered":"L\u00e9gumes BIO : EARL GONTEL"},"content":{"rendered":"\n<p>Mara\u00eechers \u00e0 Ampuis depuis 6 g\u00e9n\u00e9rations, les parents de Christiane Gontel ont converti la totalit\u00e9 de leurs terres en agriculture biologique en 1968. A cette \u00e9poque, ils \u00e9taient de v\u00e9ritables pr\u00e9curseurs ! <\/p>\n\n\n\n<div class=\"wp-block-image\"><figure class=\"aligncenter\"><img loading=\"lazy\" decoding=\"async\" width=\"535\" height=\"454\" src=\"http:\/\/paniersirigny.fr\/wp-content\/uploads\/2019\/08\/id_legumes.png\" alt=\"\" class=\"wp-image-504\" srcset=\"https:\/\/paniersirigny.fr\/wp-content\/uploads\/2019\/08\/id_legumes.png 535w, https:\/\/paniersirigny.fr\/wp-content\/uploads\/2019\/08\/id_legumes-300x255.png 300w\" sizes=\"auto, (max-width: 535px) 100vw, 535px\" \/><\/figure><\/div>\n\n\n\n<ul class=\"wp-block-gallery columns-3 is-cropped wp-block-gallery-1 is-layout-flex wp-block-gallery-is-layout-flex\"><li class=\"blocks-gallery-item\"><figure><img loading=\"lazy\" decoding=\"async\" width=\"260\" height=\"347\" src=\"http:\/\/paniersirigny.fr\/wp-content\/uploads\/2019\/07\/2.jpg\" alt=\"\" data-id=\"309\" data-link=\"http:\/\/paniersirigny.fr\/index.php\/legumes-bio-earl-gontel\/2-4\/\" class=\"wp-image-309\" srcset=\"https:\/\/paniersirigny.fr\/wp-content\/uploads\/2019\/07\/2.jpg 260w, https:\/\/paniersirigny.fr\/wp-content\/uploads\/2019\/07\/2-225x300.jpg 225w\" sizes=\"auto, (max-width: 260px) 100vw, 260px\" \/><\/figure><\/li><li class=\"blocks-gallery-item\"><figure><img loading=\"lazy\" decoding=\"async\" width=\"260\" height=\"346\" src=\"http:\/\/paniersirigny.fr\/wp-content\/uploads\/2019\/07\/4.jpg\" alt=\"\" data-id=\"310\" data-link=\"http:\/\/paniersirigny.fr\/index.php\/legumes-bio-earl-gontel\/attachment\/4\/\" class=\"wp-image-310\" srcset=\"https:\/\/paniersirigny.fr\/wp-content\/uploads\/2019\/07\/4.jpg 260w, https:\/\/paniersirigny.fr\/wp-content\/uploads\/2019\/07\/4-225x300.jpg 225w\" sizes=\"auto, (max-width: 260px) 100vw, 260px\" \/><\/figure><\/li><li class=\"blocks-gallery-item\"><figure><img loading=\"lazy\" decoding=\"async\" width=\"463\" height=\"347\" src=\"http:\/\/paniersirigny.fr\/wp-content\/uploads\/2019\/07\/5.jpg\" alt=\"\" data-id=\"311\" data-link=\"http:\/\/paniersirigny.fr\/index.php\/legumes-bio-earl-gontel\/attachment\/5\/\" class=\"wp-image-311\" srcset=\"https:\/\/paniersirigny.fr\/wp-content\/uploads\/2019\/07\/5.jpg 463w, https:\/\/paniersirigny.fr\/wp-content\/uploads\/2019\/07\/5-300x225.jpg 300w\" sizes=\"auto, (max-width: 463px) 100vw, 463px\" \/><\/figure><\/li><\/ul>\n\n\n\n<p>Situ\u00e9e entre le Rh\u00f4ne et les coteaux des C\u00f4tes-R\u00f4ties, ainsi que sur les plaines maraich\u00e8res de Condrieu et de Gerbey, l&#8217;EARL Gontel s&#8217;\u00e9tend sur une vingtaine d&#8217;hectares.<\/p>\n\n\n\n<p>Certifi\u00e9e en Agriculture Biologique et D\u00e9m\u00e9ter, la ferme propose une  grande diversit\u00e9 de l\u00e9gumes, des aromatiques, des plants vari\u00e9s ainsi que des l\u00e9gumes en conserves (cardons, sauce tomate, etc.) transform\u00e9s via une association. Au fil des ann\u00e9es, une \u00e9quipe fid\u00e8le de 6 salari\u00e9s permanents et 6 salari\u00e9s CDD s\u2019est constitu\u00e9e, renforc\u00e9e l\u2019\u00e9t\u00e9 par des saisonniers.<\/p>\n\n\n\n<p>L&#8217;exploitation commercialise ses produits sur les march\u00e9s et aupr\u00e8s de 2 AMAP dont les Paniers d&#8217;Irigny.<\/p>\n\n\n\n<div class=\"wp-block-image\"><figure class=\"aligncenter\"><img loading=\"lazy\" decoding=\"async\" width=\"462\" height=\"347\" src=\"http:\/\/paniersirigny.fr\/wp-content\/uploads\/2019\/07\/1.jpg\" alt=\"\" class=\"wp-image-183\" srcset=\"https:\/\/paniersirigny.fr\/wp-content\/uploads\/2019\/07\/1.jpg 462w, https:\/\/paniersirigny.fr\/wp-content\/uploads\/2019\/07\/1-300x225.jpg 300w\" sizes=\"auto, (max-width: 462px) 100vw, 462px\" \/><figcaption>Christiane Gontel<\/figcaption><\/figure><\/div>\n","protected":false},"excerpt":{"rendered":"<p>Mara\u00eechers \u00e0 Ampuis depuis 6 g\u00e9n\u00e9rations, les parents de Christiane Gontel ont converti la totalit\u00e9 de leurs terres en agriculture biologique en 1968. A cette \u00e9poque, ils \u00e9taient de v\u00e9ritables pr\u00e9curseurs ! Situ\u00e9e entre le Rh\u00f4ne et les coteaux des<\/p>\n","protected":false},"author":1,"featured_media":0,"parent":0,"menu_order":0,"comment_status":"closed","ping_status":"closed","template":"","meta":{"footnotes":""},"class_list":["post-25","page","type-page","status-publish","hentry"],"_links":{"self":[{"href":"https:\/\/paniersirigny.fr\/index.php\/wp-json\/wp\/v2\/pages\/25","targetHints":{"allow":["GET"]}}],"collection":[{"href":"https:\/\/paniersirigny.fr\/index.php\/wp-json\/wp\/v2\/pages"}],"about":[{"href":"https:\/\/paniersirigny.fr\/index.php\/wp-json\/wp\/v2\/types\/page"}],"author":[{"embeddable":true,"href":"https:\/\/paniersirigny.fr\/index.php\/wp-json\/wp\/v2\/users\/1"}],"replies":[{"embeddable":true,"href":"https:\/\/paniersirigny.fr\/index.php\/wp-json\/wp\/v2\/comments?post=25"}],"version-history":[{"count":11,"href":"https:\/\/paniersirigny.fr\/index.php\/wp-json\/wp\/v2\/pages\/25\/revisions"}],"predecessor-version":[{"id":523,"href":"https:\/\/paniersirigny.fr\/index.php\/wp-json\/wp\/v2\/pages\/25\/revisions\/523"}],"wp:attachment":[{"href":"https:\/\/paniersirigny.fr\/index.php\/wp-json\/wp\/v2\/media?parent=25"}],"curies":[{"name":"wp","href":"https:\/\/api.w.org\/{rel}","templated":true}]}}

Légumes BIO : EARL GONTEL

<p>Maraîchers à Ampuis depuis 6 générations, les parents de Christiane Gontel ont converti la totalité de leurs terres en agriculture biologique en 1968. A cette époque, ils étaient de véritables précurseurs ! </p>



<div class="wp-block-image"><figure class="aligncenter"><img loading="lazy" decoding="async" width="535" height="454" src="http://paniersirigny.fr/wp-content/uploads/2019/08/id_legumes.png" alt="" class="wp-image-504" srcset="https://paniersirigny.fr/wp-content/uploads/2019/08/id_legumes.png 535w, https://paniersirigny.fr/wp-content/uploads/2019/08/id_legumes-300x255.png 300w" sizes="auto, (max-width: 535px) 100vw, 535px" /></figure></div>



<ul class="wp-block-gallery columns-3 is-cropped wp-block-gallery-1 is-layout-flex wp-block-gallery-is-layout-flex"><li class="blocks-gallery-item"><figure><img loading="lazy" decoding="async" width="260" height="347" src="http://paniersirigny.fr/wp-content/uploads/2019/07/2.jpg" alt="" data-id="309" data-link="http://paniersirigny.fr/index.php/legumes-bio-earl-gontel/2-4/" class="wp-image-309" srcset="https://paniersirigny.fr/wp-content/uploads/2019/07/2.jpg 260w, https://paniersirigny.fr/wp-content/uploads/2019/07/2-225x300.jpg 225w" sizes="auto, (max-width: 260px) 100vw, 260px" /></figure></li><li class="blocks-gallery-item"><figure><img loading="lazy" decoding="async" width="260" height="346" src="http://paniersirigny.fr/wp-content/uploads/2019/07/4.jpg" alt="" data-id="310" data-link="http://paniersirigny.fr/index.php/legumes-bio-earl-gontel/attachment/4/" class="wp-image-310" srcset="https://paniersirigny.fr/wp-content/uploads/2019/07/4.jpg 260w, https://paniersirigny.fr/wp-content/uploads/2019/07/4-225x300.jpg 225w" sizes="auto, (max-width: 260px) 100vw, 260px" /></figure></li><li class="blocks-gallery-item"><figure><img loading="lazy" decoding="async" width="463" height="347" src="http://paniersirigny.fr/wp-content/uploads/2019/07/5.jpg" alt="" data-id="311" data-link="http://paniersirigny.fr/index.php/legumes-bio-earl-gontel/attachment/5/" class="wp-image-311" srcset="https://paniersirigny.fr/wp-content/uploads/2019/07/5.jpg 463w, https://paniersirigny.fr/wp-content/uploads/2019/07/5-300x225.jpg 300w" sizes="auto, (max-width: 463px) 100vw, 463px" /></figure></li></ul>



<p>Située entre le Rhône et les coteaux des Côtes-Rôties, ainsi que sur les plaines maraichères de Condrieu et de Gerbey, l&#8217;EARL Gontel s&#8217;étend sur une vingtaine d&#8217;hectares.</p>



<p>Certifiée en Agriculture Biologique et Déméter, la ferme propose une  grande diversité de légumes, des aromatiques, des plants variés ainsi que des légumes en conserves (cardons, sauce tomate, etc.) transformés via une association. Au fil des années, une équipe fidèle de 6 salariés permanents et 6 salariés CDD s’est constituée, renforcée l’été par des saisonniers.</p>



<p>L&#8217;exploitation commercialise ses produits sur les marchés et auprès de 2 AMAP dont les Paniers d&#8217;Irigny.</p>



<div class="wp-block-image"><figure class="aligncenter"><img loading="lazy" decoding="async" width="462" height="347" src="http://paniersirigny.fr/wp-content/uploads/2019/07/1.jpg" alt="" class="wp-image-183" srcset="https://paniersirigny.fr/wp-content/uploads/2019/07/1.jpg 462w, https://paniersirigny.fr/wp-content/uploads/2019/07/1-300x225.jpg 300w" sizes="auto, (max-width: 462px) 100vw, 462px" /><figcaption>Christiane Gontel</figcaption></figure></div>

<p>Maraîchers à Ampuis depuis 6 générations, les parents de Christiane Gontel ont converti la totalité de leurs terres en agriculture biologique en 1968. A cette époque, ils étaient de véritables précurseurs ! Située entre le Rhône et les coteaux des</p>
